 - -34 - (76 + 0)
-62
What is -19 + (-26 - (-65 + 0))?
20
What is -50 + 119 + (-58 - 6)?
5
What is (7 + -38 - 10) + (0 + 20 - 23)?
-44
Evaluate -6 - (18 + -21 + -1) - 17.
-19
Evaluate 11 - 0 - (36 - (-69 - -79)) - 68.
-83
-2 + 0 + 41 + (-5 - 16) + 14
32
What is the value of 3 - 1 - (-63 - (-76 + -43))?
-54
What is (13 - (7 - (12 + -16 + 4))) + 30?
36
-21 + (-60 + -22 + (37 - 19) - -14)
-71
Evaluate -403 + 466 - (20 + -4).
47
What is the value of -1 - -4 - (58 - (-10 + -9 + -3 + 16))?
-61
What is 12 + 4 + -11 + -32 + -12 + 3 + 5?
-31
Calculate (-639 - -648) + (4 - -1) + 20.
34
What is -42 + 8 + 24 + -7 + 8?
-9
-63 + (-38 + 87 - -28)
14
Calculate -26 - ((5 - 18) + (-17 - -19)).
-15
Evaluate (-1 - 48 - (76 + -88)) + -14.
-51
What is 3 + 9 - -5 - (9 + -12)?
20
What is the value of 95 - -55 - -32 - 72?
110
-29 + -2 - (-2091 - -2078)
-18
Evaluate 1 - (-1 + 6) - (-30 - (51 + -31 + -51)).
-5
(-10 - ((14 - 18) + 6)) + (-3 - -1)
-14
-1820 + 1831 + -2 + 66
75
What is the value of 18 - 0 - (-1470 - -1507)?
-19
Calculate -1994 + 2134 + (-84 - 4).
52
What is the value of (6 - (1 + -2 + -2 + 2)) + 494 + -476?
25
What is (-4 - -153) + -160 - ((0 - 1) + 75)?
-85
Evaluate (1 + -3 - (-43 + 42)) + (-3 - (0 - -2)).
-6
Calculate 8 - (30 + -45 + -36) - (15 + -4 + 3).
45
What is (-3 - ((7 - -1) + -7)) + -12 + 57?
41
Evaluate -6 + (45 - 78 - -2).
-37
Calculate -3 + -38 + -7 + -29 + -19 + 46.
-50
What is the value of -52 + (47 - 49) - -53?
-1
What is the value of (-6 - -76 - 81) + (53 - -4)?
46
What is the value of (-5 - (-10 + 1 + 2)) + (21 - -53)?
76
Evaluate -61 + 58 + 28 - 51.
-26
(37 - 4 - -2) + (-59 - 70)
-94
Calculate 16 + -8 + 7 - (672 + -576).
-81
Calculate (4 - -10) + 15 - (45 - 24).
8
What is -17 + 14 + 21 + 0 - (149 - 147)?
16
Evaluate 16 - (3 + (9 - (0 + -22))).
-18
Evaluate 1 - 66 - (-10 + (21 - (-7 - -13)) + -15).
-55
What is the value of ((-2 - -2) + 0 - -17) + (-5406 - -5314)?
-75
16 + (10 + -19 - -9) + -1 + -29 + 150
136
(-15 + (-121 - 13) + (6 - 0) - 8) + 10
-141
Calculate -79 + (346 - 0) + -153.
114
-22 + 101 + -77 - (0 + 1)
1
Evaluate (4 - 159) + (18 + 10 - 21) + 15.
-133
-27 - (2 - 53) - (-18 - -52)
-10
What is the value of (-160 - -118 - -18) + 33 + 1?
10
What is (2 - 3 - 51) + (-26 - (17 + -24) - -25)?
-46
Evaluate 19 + -166 + 61 + 37.
-49
Evaluate 8 + (11 - -9 - 8 - -1) + 38.
59
6 + -35 - 10 - -48 - (2 + -3)
10
Calculate (-7 + 2 - (87 + -111)) + -19 - 19.
-19
What is the value of (0 - -18) + 159 + 73 + -224?
26
(-120 - -40 - 38) + 27
-91
Evaluate -12 - ((15 - 1) + (-19 - (-52 - -89))).
30
Calculate 36 - ((3 - 3) + -7 + 1 + 16).
26
Evaluate 6 + 2 + 2 + -32 - -65.
43
What is 30 + -22 - (-1 + (-1 - (2 - (-4 + 1))))?
15
(-1 + 1 + -6 - -7) + (-11 - 15)
-25
-99 + 80 + -6 - 55
-80
Evaluate (28 - (-113 + 157)) + -20 + -1.
-37
Evaluate (2971 - 2937) + (-1 - -17).
50
Calculate (-20 + 32 - -37) + (0 - (1 + 6)).
42
Evaluate -9 + 64 + (20 - (-8 + 10 + 10)).
63
What is -38 - (-21 + (4 - 2) - (-1 + -10))?
-30
53 - (-15 + (100 - 0))
-32
Calculate (21 - 33) + (-13 - -10 - (-1 - 1) - 49).
-62
Calculate 11 + -3 - ((1 - 13) + (9 - 36 - -13)).
34
Calculate -5 - -30 - (-744 + 801).
-32
Evaluate -117 + 25 + (1 - 15) + 12 - (0 - 3).
-91
(750 - 740) + (-4 + 2 - 20)
-12
Evaluate -73 + (-26 - -19 - -17 - 12) + (-5 - 2).
-82
Evaluate 68 + (23 - -76 - 140).
27
(-14 - (-88 - -86)) + -2 + 23
9
1 + -8 - (18 - (2 + 6) - 21)
4
Calculate -2812 - -2783 - (-13 - -1).
-17
What is the value of -7 - -80 - ((925 - 935) + -1 + (0 - 1))?
85
Evaluate (-36 - -1) + 71 + -93 + (13 + 13 - -10).
-21
What is the value of -11 + (14 + (9 + -21 - -11) - -10)?
12
What is the value of -1 - 35 - (637 + -642 - (-6 + 1))?
-36
30 + -65 + 28 + 22 - 9
6
What is the value of (4 - 5) + -69 - (-1 - 4 - (-138 + 121))?
-82
Calculate 0 - (-57 + 105 - (-6 - -2)) - 1.
-53
What is the value of -23 - (-82 + 104 + 37 + 4)?
-86
What is -140 + 118 + 5 + (-25 - -1)?
-41
What is the value of 3 + (38 + -1 + -13 - -6)?
33
Evaluate (-41 - 24 - -38) + 51.
24
What is the value of 1 + -115 - ((255 - 293) + (32 - 8))?
-100
Calculate -8 + -26 + -5 + -9 + (10 + 0 - 12).
-50
Calculate 61 + -94 + 74 - 110.
-69
Calculate 72 + -14 - (-15 - -46).
27
What is 25 + (-6 - 16) + (29 - -34)?
66
What is the value of (14 - (-20 - (18 + 0))) + -18?
34
What is the value of -47 + (1 + -23 - (653 + -686))?
-36
Calculate 136 + -190 + (4 - (9 + 3)).
-62
What is the value of 3 - 4 - (16 + -6 + (-19 + 5 - -9))?
-6
What is the value of -10 + (4 - (-2 + 13 - (-1 - -3)))?
-15
What is -2 + 21 - (1295 + -1264)?
-12
2 - (50 - (75 - 4))
23
Calculate -6628 + 6563 - (-20 + 1 + -1).
-45
35 + (65 - (3 - -38))
59
What is the value of -4 + 9 + (-5 - (21 - 7))?
-14
-552 - -562 - (2 - -15)
-7
5 - (-6 + 4 + (-1 - 7))
15
Calculate -74 + -1 + (60 - 23 - 16).
-54
What is -10 + 44 + -68 + 26?
-8
Evaluate -18 + 7 - ((9 - 67) + 4 + -16).
59
Evaluate (-10 + -40 - -123) + -46.
27
Evaluate -47 + (-27 - -27) - 14 - 23.
-84
Calculate (40 - 38) + -4 + (-1 - (-1 + 3)).
-5
-4 + -10 + (-5 + -80 - (7 + -19))
-87
What is the value of (109 - (17 - -195)) + 26?
-77
Evaluate 1 - -1 - (32 - (-3 + 43)) - 57.
-47
Calculate -11 - ((-2 + 7 - -7) + 1 + -18) - -48.
42
What is -5 + (66 - 63 - (2 - (-28 + -6)))?
-38
Evaluate (25 - (3 - -13)) + (0 - (4 - -5)).
0
What is the value of -27 + (4 - -26) - 41?
-38
What is -39 + -14 - (-61 - -25)?
-17
What is -1 + (-16 + 34 - 11) - 1?
5
Evaluate 1701 - 1724 - (1 + -11).
-13
Calculate 252 + -253 + (36 - -7) + 100.
142
What is the value of -39 - (281 - 249 - (-6 - -59))?
-18
Evaluate 4 - 14 - (-2 + -21) - 38.
-25
Calculate (18 + -20 - 6 - 21) + -7.
-36
30 - (51 + 72 + -48)
-45
Evaluate 2 - (7 + 2 - (121 - 125) - -4).
-15
(-72 - -6) + 7 + (-12 - (-14 + -5))
-52
What is (-14 - (16 - 40)) + 5 + -5 + -21 + -19?
-30
Evaluate (-11 + 8 - 18) + 70 + -12.
37
Evaluate (-335 - -425) + (-8 - (-5 - -7 - -3)).
77
What is the value of 80 + (-34 - 27) + 16 + 25?
60
What is the value of 3 + (-6 - -7) + -41 + 14 - -21?
-2
Evaluate (-15 - 55) + (-59 - -231).
102
What is the value of (-27 - -8) + 40 + -21 + (-20 - -2) + -2?
-20
Evaluate -47 + (-68 - (2 + -51)).
-66
7 + (10 + -18 - ((-2 - 39 - 0) + -8))
48
What is -1 + -16 - (21 + 18 - 51) - (1 + -2)?
-4
What is -89 + -4 + 39 - -3?
-51
Calculate 7 + 20 + -30 + (0 - 9 - 31).
-43
What is the value of -56 + 18 + -5 + -67 + 79?
-31
Evaluate 5 - -1 - (7 - ((7 - -15) + -14)).
7
What is the value of -4 + 5 + (3 - -1) + -556 + 528?
-23
What is the value of -49 + 72 + -43 + -6 + -1 + -7?
-34
What is the value of -30 + 18 - -66 - 49?
5
Calculate 11 - (-11 + (-9 - -12 - -25) + 13).
-19
(121 - 44) + -39 + (-1 - 0)
37
Calculate (1016 - 973) + (-22 - 1).
20
What is -19 - (-33 + 21 - 4) - (1 - -57)?
-61
What is the value of (-16 - (-19 - -3) - (0 + -5 - -4)) + 25?
26
Calculate 28 - 31 - ((-2 + 0 + 4 - 8) + 69).
-66
Evaluate (4 - (-23 - -38)) + -5 + -39.
-55
What is 55 - (-18 - -81 - 54)?
46
Calculate 1 + 21 + (88 - 48 - 22).
40
(0 + -2 - -5) + 29 - (-12 - (-6 - 11))
27
Calculate 21 + -7 + (24 - (-3 - -14)) + -7.
20
What is the value of (8 - 26) + (0 - (1 - -18)) + -17?
-54
Calculate 1183 + -1158 + (-37 - -2) - ((-2 - -2) + -23).
13
What is the value of (-25 - 2) + 334 + -322 + -33?
-48
What is 52 + 1 + 2 - 34?
21
What is the value of (-7 - -18) + (-31 + 12 - (4 + -10)) + -84?
-86
Calculate 22 + (-122 - -54 - (-10 - 0)).
-36
What is -75 + 41 + 17 - -38?
21
What is 34 + (18 + (-33 - 12) - -32)?
39
What is the value of 273 - 259 - (39 + 5 - (-3 + -3))?
-36
What is the value of 4 + -3 + -1 + -25 + -13 + -3 + -49?
-90
-71 + -63 + 48 + 72
-14
-41 - (-50 + (-36 - -54))
-9
What is the value of -19 - 2 - (-2204 - -2180)?
3
(67 - ((-26 - -4) + 35)) + -32
22
(-4 - -8) + 52 - (857 + -826)
25
What is (14 - 29) + 2 + 16 - -36?
39
What is -20 + (6 - ((7 - 17) + 21))?
-25
-40 - (-40 + -31 + -13)
44
What is (-4 - -10) + -1 + 6 - (-65 + 90)?
-14
Calculate -39 + -3 + (286 - 292) + (10 - 0).
-38
What is 12 - (4 + -9 + 8 - (-5 - (-6 - 16)))?
26
What is the value of -9 + (30 + 5 - -12)?
38
Calculate (-32 - (2 - 2)) + (12387 - 12259).
96
What is the value of -13 - (-34 + -1) - (19 + (-2 - -32))?
-27
What is the value of -5 - (70 + (-33 - -48))?
-90
27 + (33 - (22 + -16)) + 36
90
Evaluate -6 - 14 - -11 - (-7 + 17 + -19).
0
Calculate 50 - (-32 + 22 + -5 - -